
Let j(i) = 106*i**2 + 249*i - 3. Let l be j(-3). Calculate the greatest common factor of l and 192.
12
Let d be ((-4)/8)/(9/(-6))*7269 + 2. What is the greatest common divisor of d and 100?
25
Let q(g) = 98*g**2 - 186*g**2 + 8 + 94*g**2 - 15*g + g**3. Let z be q(-8). Suppose z = 6*y - 32 - 94. Calculate the highest common divisor of 3 and y.
3
Let v(f) = -2*f**3 - 148*f**2 - 13*f + 70. Let h be v(-74). Calculate the greatest common factor of h and 48.
24
Suppose h + 182 = 2*h. Let x be (-27 - 1)/(3*(420/45 + -10)). What is the highest common divisor of x and h?
14
Suppose 3*d - 1008 = -6*d + 2*d. Calculate the greatest common factor of d and 792.
72
Let s = -14 + 63. Let r(a) = a**3 + 29*a**2 + 96*a - 135. Let j be r(-24). What is the highest common factor of s and j?
49
Let u be 213/21 + 4/(-28). Let y(a) = -3*a**3 - 42*a**2 + 69*a - 22. Let h be y(-16). Calculate the highest common divisor of h and u.
10
Let b(q) = -551*q + 8893. Let w be b(15). Calculate the greatest common factor of w and 16.
4
Suppose 0 = -118*q + 7627 + 19745 + 16878. Calculate the greatest common divisor of 875 and q.
125
Let i(f) = 7*f**2 + 7*f + 8. Let a be i(-4). Let p be 2/((-13)/(-234)*9). Calculate the highest common factor of p and a.
4
Suppose 0 = -5*a, -8*q + 40 = -6*q - 2*a. Suppose -2339 = q*b - 6979. Calculate the greatest common divisor of b and 8.
8
Suppose 38497 - 55968 = -269*f + 91743. Let b be (-2)/(-4) + 27/2. Calculate the highest common factor of f and b.
14
Suppose 12*n + 11435 = 16139. What is the greatest common divisor of n and 1036?
28
Let i be (-2 + 3)*(-24 + 381). Suppose -238 = -w + i. Calculate the highest common factor of 35 and w.
35
Let s = 249 + -236. Let t = 105 + -154. Let l = t - -75. Calculate the greatest common divisor of l and s.
13
Let r = 71 - 122. Let v be 1 + 0 - (r - 4). Let p = v - 40. Calculate the greatest common divisor of 12 and p.
4
Let o = 14 - -7. Let x(r) = r**3 - 13*r**2 + 12*r + 5. Let l be x(12). Let a be 8/6 + (2775/9)/l. Calculate the highest common factor of a and o.
21
Let m = 87 - -18. Let h = -192 + m. Let f = -58 - h. Calculate the greatest common factor of f and 58.
29
Suppose y + 29*y = 2757 + 303. Calculate the highest common factor of 1088 and y.
34
Let w(j) = j**3 + 8*j**2 + 10*j - 1. Let l be w(-5). Let a be 0/(-3) - (360/(-9) + 4). What is the highest common divisor of a and l?
12
Suppose 3*g + v - 7 = 0, -44 = -5*g + v - 27. Suppose -g*i + 26*i - 4945 = 0. What is the greatest common factor of i and 129?
43
Let q(v) = -2820*v - 593. Let g be q(-2). Calculate the greatest common divisor of g and 588.
49
Let f be 30/18*54/15. Suppose 200 = -2*k + f*k. What is the highest common factor of k and 75?
25
Let c(f) = -16*f + 661. Let l be c(40). What is the greatest common divisor of 237 and l?
3
Suppose -5*p = -3*p - 54. Let f = p - -3. Suppose -2*d + 5*t + 3 = -12, 9 = 3*t. What is the greatest common divisor of d and f?
15
Let t(g) = g**3 + 12*g**2 - 8*g + 82. Let o be t(-13). Calculate the greatest common divisor of o and 595.
17
Let d = -108 + 132. Let t(w) = 17*w - 7. Let i(h) = 9*h - 3. Let v(o) = -7*i(o) + 3*t(o). Let n be v(-3). Calculate the greatest common factor of d and n.
12
Suppose 3*v = -4*q + 2547, -41*v - 2 = -43*v. Calculate the highest common factor of q and 60.
12
Suppose 612 = -123*x + 3564. What is the highest common divisor of 5224 and x?
8
Let s be (365/(-15) - -1)*-21. Let j = 648 - s. Calculate the greatest common factor of j and 2.
2
Let a(l) = 67*l - 80. Let p be a(18). Let y = p + -566. Suppose -13*h = -15*h + y. Calculate the highest common divisor of 14 and h.
14
Let w(f) = -6*f - 77. Let b be w(-13). Let l be 16/12 + 88/6 + b. Suppose l*v - 269 = 1771. What is the highest common divisor of v and 30?
30
Let a be (98/(-4) - 0)*(4 + -10). Let v = a + -78. Calculate the highest common factor of v and 621.
69
Let x = -14605 + 29875. What is the highest common factor of 30 and x?
30
Let g = 832 - 626. What is the greatest common divisor of 309 and g?
103
Let x(v) = -3*v - 45. Let q be 0 + (-1132)/60 + 4/(-30). Let t be x(q). Calculate the highest common factor of t and 8.
4
Let i be (4440/5 - 3)/(6 - 5). What is the greatest common factor of 15 and i?
15
Let q be -7*(4 - (-14)/(-3) - (-130)/(-21)). What is the highest common factor of 3376 and q?
16
Let m = 36 - 36. Suppose -133 = -2*x - 3*t, 4*t - 329 = -5*x - m*x. What is the greatest common factor of 52 and x?
13
Let c = -27 + 131. Let m(f) = 3*f**3 + 3*f**2 + f + 8. Let x be m(0). Calculate the greatest common divisor of x and c.
8
Suppose -350384 = 473*v - 534*v. Calculate the greatest common factor of v and 16.
16
Suppose 0*c + n = -c + 442, -5*n + 462 = c. Calculate the greatest common divisor of 171 and c.
19
Let r(c) = 974*c**2 + 215*c - 1168. Let y be r(6). Calculate the highest common divisor of y and 73.
73
Suppose -41*o - 123*o + 15*o = -18774. Calculate the highest common factor of 98 and o.
14
Let q(u) = -u**3 - 33*u**2 + 21*u - 89. Let o be q(-36). Calculate the greatest common factor of o and 68.
17
Let l = 764 + -657. Let t = l - 89. What is the highest common divisor of t and 45?
9
Suppose m + 4*f - 48 = 0, 22*f - 30 = -m + 24*f. Let k(y) = -y + 7. Let g be k(-5). Suppose b + g = m. What is the highest common factor of b and 8?
8
Suppose -4*w = 14*w + 4*p - 1936, -p = -7. Calculate the highest common factor of 2491 and w.
53
Suppose o = -6*o + 21. Suppose -3*q + 100 = 2*f + 2*f, 2*q - 65 = -o*f. What is the greatest common factor of q and 90?
10
Let n(i) = -i**2 + 4*i + 12. Let r be n(6). Suppose 12*q - 15*q + 126 = r. Suppose q*w - 49*w + 245 = 0. What is the greatest common factor of 385 and w?
35
Suppose 5*x - 7844 = 3*y - 4202, -5*y = -4*x + 2898. What is the highest common factor of x and 24?
12
Suppose -39*s = -43*s - 20. Let y be 7/(7/s) - -7. What is the greatest common factor of y and 38?
2
Suppose -10*z = -16*z - 744. Let u be (6/(-4))/(4265/2140 + -2). Let q = u + z. Calculate the greatest common divisor of q and 45.
45
Suppose 23*d + 1074 = 5214. Calculate the highest common factor of 132 and d.
12
Let a = 1865 - 1840. Let s(r) = 12*r - 10. Let c be s(5). Calculate the greatest common divisor of c and a.
25
Let g be (72/32 - 15/6)*52*-607. Calculate the highest common factor of g and 13.
13
Let g(k) = 4*k + 6. Let l(y) = -21*y - 28. Let u(t) = 11*g(t) + 2*l(t). Let q be u(5). Suppose b - 12 + 4 = 0. What is the highest common factor of q and b?
4
Let f be (-40*5/(-60))/(3/36). Let z(w) = 4*w**2 - 5*w + 4. Let y be z(-12). What is the greatest common factor of y and f?
40
Suppose 0 = -4*c - 2*d + 30, -4*c + 12 + 3 = 5*d. Let x be -11 + c - 33/(3 - 6). Calculate the highest common divisor of 10 and x.
10
Let c be 830/6 - (-60)/(-180). Suppose -2*f = h - 73 - 19, -3*f + c = 3*h. Calculate the greatest common divisor of f and 2.
2
Suppose 10*a - 34036 = 26652 - 5368. Calculate the greatest common divisor of a and 60.
12
Let w(i) = -9*i + 272. Let v be w(29). Suppose -v + 47 = 9*p. Calculate the greatest common divisor of p and 400.
4
Let c = 164 + -163. Let a(t) = 50*t**3 + t - 3. Let z be a(c). What is the greatest common divisor of 384 and z?
48
Let z be (204/24 - 10)/(6/(-916)). Calculate the highest common divisor of 3 and z.
1
Let a be (429/156)/(5/1320). What is the highest common divisor of 1386 and a?
66
Suppose -3*m + 2717 = -1123. Suppose -273 = -25*j - 106*j + 35*j + 1647. What is the highest common factor of j and m?
20
Let i be (-6 - -3)*(6 - 7). Suppose -5*c = 0, 0 = 5*g + i*c + 10 + 10. Let y = 30 + g. What is the highest common factor of y and 182?
26
Let f = -121 - -1305. What is the highest common factor of 64 and f?
32
Let r = -422 - -422. Suppose w + m - 157 = r, 3*w - 167 = 2*w + m. What is the greatest common divisor of 6 and w?
6
Suppose -3*n + 78 = -4*h - 0*h, 5*h + 135 = 5*n. Suppose 2*s = 5*s - n. Suppose -2*f - 140 = -6*f. Calculate the highest common divisor of s and f.
5
Let u(m) = -2*m**3 - 10*m**2 - 65*m - 426. Let i be u(-7). What is the greatest common factor of 1770 and i?
15
Suppose -2*c + 1789 = -2*o + 1955, -257 = -3*o + c. What is the greatest common factor of 24621 and o?
87
Let v be 828/(-184) + 3406/(-4). Let p = v + 940. What is the highest common divisor 